at are the prime factors of m?
2, 5
Let y(d) = 2*d**3 - d**2 + d + 1. Let f be y(3). Let r = 81 - f. List the prime factors of r.
2
Let h be (-1 - -1)/(11/(-11)). Suppose -f + 27 = -h. What are the prime factors of f?
3
Let i(q) = q - 3. Let w be i(4). Suppose w = 5*j - 19. What are the prime factors of j?
2
Let w = -1 + 2. Let s = w - -4. Suppose -2*g = -3*n + 23, 3*g + 40 = 4*n + s*g. What are the prime factors of n?
3
Let x be (-4)/10 - (-6)/15. Suppose 4*z + 0*z - d + 5 = x, 0 = -2*z + d - 1. List the prime factors of 5 - 2*(z - -1).
7
Let h = -5 - -10. Suppose 19 = -d - h*j, 3*d - 8 = 2*j + 3. What are the prime factors of d + (4 - 0) + -2?
3
Let q = 21 + -39. What are the prime factors of q*(2 - 3)/3?
2, 3
Let s = 2 + 0. Suppose -2*p + 8 = s*o, 4*o - p - 6 = -0*o. List the prime factors of o.
2
Suppose -3*n + 5*d = -131, -232 - 3 = -5*n + 5*d. Suppose 4*f + 60 + n = 0. What are the prime factors of (3/6)/((-1)/f)?
2, 7
Suppose x + 2*f = 4, 4*x + 2*f + 1 = 11. Suppose -3*o = 3*k - 5*k + 8, x*o + 4 = 0. What are the prime factors of k - (0 + -8)/2?
5
Suppose 0 = -4*m - 4 - 0. Let y(v) = -9*v + 4*v - 10*v. What are the prime factors of y(m)?
3, 5
Suppose 3*p - 4 = 2. Suppose 4*z = p*r - 12, -r + 3*z = -9 + 1. Suppose -j = -5*n + 34, -3*j - 5 + 22 = r*n. What are the prime factors of n?
7
Suppose 2*h = 3*y - 223, -239 - 49 = -4*y - 2*h. What are the prime factors of y?
73
Let r = 4 + 2. Suppose -46 = 2*f - 3*j, f - r*f - 149 = j. Let h = -17 - f. What are the prime factors of h?
2, 3
Let k(i) = 8*i + 9. List the prime factors of k(9).
3
Suppose -2902 = -8*y + 154. What are the prime factors of y?
2, 191
Suppose j - 2*j = -44. List the prime factors of j.
2, 11
Suppose -4*w - 3*y + 107 = -11, 4*y - 8 = 0. Suppose 5*n - 9*n + w = 0. What are the prime factors of n?
7
Let w be 4/(-14) - (-88)/14. Let m = -14 - -16. Suppose m*v + w = 4*v. List the prime factors of v.
3
Let a = 8 - -1. Let o be (-30)/a - 2/3. What are the prime factors of 7 - (o + 2)*1?
3
Suppose -23 = -5*v + 3*r, 5*r - 7 = -2*v - v. Let q(z) = 2*z**2 + 3 - 32*z - 4*z**2 + 3 + z**3 + 25*z. What are the prime factors of q(v)?
2, 5
Let l = -42 + 68. Let m = 37 - l. What are the prime factors of m?
11
Let f be 36/(-4)*(0 + -1). Let q = -7 + f. What are the prime factors of q?
2
Let a(y) = -y**2 + 8*y + 4. Let z be a(8). Suppose -l = -4*n + 23, 0*n + n + z*l = -7. Suppose -30 = -n*m + 10. List the prime factors of m.
2
What are the prime factors of (-75)/3*24/(-15)?
2, 5
Let f = -4 + -1. Let p = 9 + f. List the prime factors of p.
2
List the prime factors of (-66)/27*3*-12.
2, 11
Let l be (-2)/(-1 - 2/(-4)). Suppose -6 - 6 = -l*c. Suppose -p + c = -0. What are the prime factors of p?
3
Suppose 5*r + 5*m + 34 - 299 = 0, -4*r - 5*m = -217. What are the prime factors of r?
2, 3
Suppose 0 = 2*n - 5*n. Suppose 3*a - 9 - 15 = n. List the prime factors of a.
2
Suppose -3*z + 8*z = 0. Let g(m) = m**2 + 5. Let r be g(z). Suppose 12 = -3*p, -n + 5 = -2*n - r*p. List the prime factors of n.
3, 5
Let z(n) = 26*n - 25. List the prime factors of z(5).
3, 5, 7
Let a be 12/(-7) - 4/14. Let p = 5 + a. Suppose -2 = -p*t + 4. What are the prime factors of t?
2
Let y be 1/(1/3) + 2. Suppose -8 = -y*d + 2. Let c(o) = 2*o**3 - o**2 - 2*o. List the prime factors of c(d).
2
Let v(q) = 4*q + 0*q**2 - q**2 + 0 + 2*q**2 + 4. Let h be v(-4). Suppose -6*k = -x - k - 4, -3*k - 35 = -h*x. What are the prime factors of x?
11
Let u = 47 - 42. Let t = 0 - 1. Let y = u + t. List the prime factors of y.
2
Let c = -33 + 61. What are the prime factors of c?
2, 7
Let p be 488/12*(5 - 2). Let m be p/4 + (-1)/(-2). Suppose -4*r = -m - 21. List the prime factors of r.
13
Suppose -5*j + 380 = -j. Suppose -4*u = -j - 65. List the prime factors of u.
2, 5
Let h = -171 + 340. What are the prime factors of h?
13
Let n(t) = t**3 - 7*t**2 - 7*t - 5. Let v be n(8). List the prime factors of 2/v*(-72)/(-16).
3
Let t(g) = -g**3 + 2*g**2 + 2*g - 2. Let v be t(3). Let l(k) = 3 + 1 - 2 - k. List the prime factors of l(v).
7
Let o(y) = -y**3 - 3*y**2 + 4*y + 1. Let u = 0 + -5. What are the prime factors of o(u)?
31
Let z(c) = c**2 + 13*c - 19. List the prime factors of z(12).
281
Suppose -a - 5*h = -34, -4*a + 0*h = -5*h - 11. Suppose 7*c + 16 = a*c. What are the prime factors of c?
2
Let n = 192 - 115. Suppose -4*a + n - 13 = 0. What are the prime factors of a?
2
Suppose 3*z - 33 = 30. List the prime factors of z.
3, 7
Let v = -5 - -9. Suppose 0*o - 24 = -v*o. What are the prime factors of o?
2, 3
Let f = 118 + -72. What are the prime factors of f?
2, 23
Let c be -5 + 5*(-8)/(-20). What are the prime factors of (7 - 0)/((-1)/c)?
3, 7
Suppose 0 = -3*g + 9, 5*u + 2*g = 3*u + 92. Suppose 9 = 3*r, -u = -5*k + r + 4. List the prime factors of k.
2, 5
Let r = 8 + -5. Let l be (-26)/(-12) - 1/6. Suppose 3*g - 21 = t + l*t, 4*g - 30 = r*t. What are the prime factors of g?
3
Suppose 4*x - 77 = 51. Suppose 0 = -2*a + 4*n + x, a - 4 = 4*n - 5*n. Suppose -a = -4*q - 0. List the prime factors of q.
2
Let a = -11 + 15. Suppose 87 = 3*d - 5*z + 2, d = -a*z. Suppose l - d = -l. List the prime factors of l.
2, 5
Let w(d) = -d**3 + 18*d**2 - 15*d - 12. List the prime factors of w(17).
2, 11
Let m(d) be the second derivative of -5*d**3/6 - 5*d**2/2 + d. List the prime factors of m(-4).
3, 5
Let x = -41 + 82. What are the prime factors of x?
41
Let u be 208/36 - 8/(-36). Suppose -u*b - 1 = -205. What are the prime factors of b?
2, 17
Let g be (-62)/10 - (-6)/30. Let v = g - -8. Suppose 3*d - 15 = 0, -5*d + v*d = p - 26. List the prime factors of p.
11
Suppose o - 5 - 5 = 0. List the prime factors of (-2 - 2)*o/(-4).
2, 5
Suppose -68 = -2*a + 150. Suppose -a = -6*w + 53. What are the prime factors of w?
3
Suppose -4*w = -2*s + 34, -5*s - 4*w + 15 = -0*w. Suppose 23 = 4*l + s, 0 = 4*b + l - 84. List the prime factors of b.
2, 5
Let t(w) = 0*w**3 + 0*w**3 + 5*w**2 - 4 - w - w**3. List the prime factors of t(3).
11
List the prime factors of (-6860)/(-68) + 0 + (-6)/(-51).
101
Suppose -4*r - 278 = -2*u - 0*r, 2*r = -2*u + 302. List the prime factors of u.
3, 7
Let i be (-4)/(-18) - 10/45. Suppose 4*h - 3*a - 69 = i, 5*a - 35 + 12 = -h. List the prime factors of h.
2, 3
List the prime factors of 18*(51/6 + 0).
3, 17
Suppose -2*v + 472 = 26. What are the prime factors of v?
223
Suppose 1 = 5*f - n - 21, 2 = -n. What are the prime factors of f?
2
Let z be (-4 - -1)*145/(-15). Suppose 21 + 23 = -4*u - 4*g, 3*g + 17 = -2*u. Let n = u + z. List the prime factors of n.
13
Suppose -m + 140 = 3*m. List the prime factors of m.
5, 7
Let w = 0 - 0. Suppose 4*z - 4*g = 0, w = z - 2*g + 5. List the prime factors of z.
5
Let z be -2 - (16/4 - 2). What are the prime factors of z/(-12) - (-47)/3?
2
Suppose 5*n = 10, -5*u - 3*n + 88 = -73. Suppose 0 = 5*g - 3*m - 101, 2*g - 3*m = m + 46. Let i = u - g. List the prime factors of i.
2, 3
Let z = -112 - -301. What are the prime factors of z?
3, 7
Let d = -9 + 12. Let v(l) = -11*l - 1. Let b be v(d). Let j = b + 52. List the prime factors of j.
2, 3
Let w(k) = 2*k**2 - 4*k - 8. Let s be w(4). Suppose 3*j = -3, -2*l + 60 + s = -2*j. List the prime factors of l.
3, 11
Let i be (-2)/3 + 68/12. Suppose -i*t + 4 = -j - t, 3*j - 20 = -4*t. What are the prime factors of j?
2
List the prime factors of ((-38)/(-3))/((-16)/(-24)).
19
Suppose -2*r = 2*j, 0 = j - 10*r + 5*r - 6. List the prime factors of (8 - j)/(4/16).
2, 7
Let i be (-3 + 4)/(2/(-10)). Let p(c) = -2*c**2 - 21*c - 7. Let g(n) = n**2 + 11*n + 3. Let t(f) = 5*g(f) + 3*p(f). List the prime factors of t(i).
3
Let w = -5 - -3. Let n be (w + 9*3)*1. Suppose 3*l = 6*l - 2*t - 17, 5*t = n. What are the prime factors of l?
3
Let p = 9 + 15. What are the prime factors of p?
2, 3
Suppose -105 = -3*o - f, 3*o - 4*f - 65 - 55 = 0. What are the prime factors of o?
2, 3
Suppose -3*g + 778 = 4*i, -6*g = -9*g + i + 803. What are the prime factors of g?
2, 7, 19
Let i(k) = k**2 - 6*k + 4. Let t be i(7). Let m = t - 6. What are the prime factors of m?
5
What are the prime factors of (-1)/((7/69)/(-7))?
3, 23
Let b = -2 + 2. Let q(g) = 3 - 5 + b - g. What are the prime factors of q(-5)?
3
Let d(q) = q**2 - 8*q + 9. Let t be d(7). List the prime factors of (-2)/(-3)*21/t.
7
Suppose 6*v - 5*v + 